 second derivative of 4*m + 0 - 3/2*m**2 + 5/2*m**3. What are the prime factors of i(4)?
3, 19
Suppose 2 = -35*r + 34*r. What are the prime factors of 4 - r - 68*-4?
2, 139
Suppose -4*c - z = -22766, -3*c + 6690 = -3*z - 10392. What are the prime factors of c?
2, 1423
Suppose -3*c + 5*s = -2*c - 6, -3*s = -2*c + 12. Let v be (21/c + -4)*2. What are the prime factors of (432/(-8))/(v/(4/2))?
2, 3
Suppose -218*z + 59542 + 51420 = 0. What are the prime factors of z?
509
List the prime factors of ((-2 - 4) + 5)/((-6)/304026).
50671
Suppose 329 + 491 = 2*m. Let g = -131 + m. What are the prime factors of g?
3, 31
Let p = 235 - 229. Suppose p*z - 4689 = -867. What are the prime factors of z?
7, 13
Let y be (3/(-9))/(1/(-9)). Suppose -y*g + 2*g = -80. Suppose -3*t + g = 5*t. List the prime factors of t.
2, 5
Let y(o) = 3*o**2 - 27*o - 45. Let p(k) = -k. Let b(m) = -15*p(m) + y(m). Let l(f) = -f**2 - 8*f + 5. Let v be l(-7). What are the prime factors of b(v)?
3
Suppose -13 = 4*d + i, -4*d + 3*i = -i - 12. Let z be -5*((-6)/d - 2). List the prime factors of (z/10)/(1/(-372) + 0).
2, 3, 31
Suppose -1777 + 15989 = 34*w. Let k = w - -323. List the prime factors of k.
3, 13, 19
What are the prime factors of -1 + 1 - (170177/(-6) - 143/858)?
113, 251
Suppose -400*y = -389*y - 121517. List the prime factors of y.
11047
Let n = -78420 + 115671. What are the prime factors of n?
3, 4139
Suppose 4*z + 2*o = 180948, 3*z - 2447 - 133254 = o. What are the prime factors of z?
5, 83, 109
Let b = 1 - 72. Suppose 2*h = -2*v + 280, -112 - 18 = -h + v. Let l = b + h. What are the prime factors of l?
2
Let p = 14 - 18. Let i(v) be the third derivative of 7*v**5/60 + v**4/12 - 2*v**3/3 + 6*v**2. What are the prime factors of i(p)?
2, 5
Let s be 2/(-4)*0 - 5. List the prime factors of (s/(-4))/((-11)/(-3388)).
5, 7, 11
Let y = 19887 + -8941. List the prime factors of y.
2, 13, 421
Let o(n) = 13*n - 45. Let k be o(0). List the prime factors of (0/(-1) + k)*-7.
3, 5, 7
Let a = 721 - 1079. Let q = 708 + a. What are the prime factors of q?
2, 5, 7
Let p(l) be the third derivative of -l**6/120 - l**5/30 + 410*l**3/3 + 3*l**2 + 16*l. What are the prime factors of p(0)?
2, 5, 41
Let b be (-3*2/(-18))/((-7)/(-16842)). Suppose -b*z - 56 = -810*z. What are the prime factors of z?
7
Suppose -57 = -11*j + 9. Suppose -232 = -j*l + 596. Let s = l + 53. List the prime factors of s.
191
Let s(y) = -243*y + 3216. What are the prime factors of s(12)?
2, 3, 5
Suppose 1597318 - 178366 = 42*u + 79446. List the prime factors of u.
3, 10631
List the prime factors of 590/((6/50)/(159/106)).
5, 59
Let s be ((-10)/(-3) + -3)*(7 + 2). Suppose -i - 40 = -s*i + 2*y, 2*y + 55 = 3*i. What are the prime factors of i?
3, 5
Suppose -3*f - 140 = -8*f. Let o = f + -23. List the prime factors of (-4)/5 + (1 - (-54)/o).
11
List the prime factors of (17043/(-15) - -3)/((-4)/20).
2, 2833
Let d(x) = -265*x + 3. Let f be d(-5). Suppose 16*b = 12*b + f. Suppose 3*u = 2*r + b, -r + 159 + 170 = 3*u. What are the prime factors of u?
2, 5, 11
What are the prime factors of ((-10)/40)/(40/(-9074560))?
2, 11, 1289
Suppose -2*r + 16 = 0, -2*k = -21*r + 19*r - 113954. List the prime factors of k.
3, 5, 29, 131
Let l = 459 - 454. What are the prime factors of 1163/l + 60/(-100)?
2, 29
Suppose 0 = 8*y - 4*y - 4. Let f be (-5)/y*16/(-20). Suppose -f*o + 7*o - 210 = 0. List the prime factors of o.
2, 5, 7
Let h be (0 - 3)/(530/60 + -9). Suppose 2*x = h*x - 9888. What are the prime factors of x?
2, 3, 103
Suppose n + 5*f - 7735 = 532, -4*n = 5*f - 33098. List the prime factors of n.
3, 31, 89
Let c(j) = 7*j + 5. Let u be (-3 + (-14)/6)*(-63)/28. List the prime factors of c(u).
89
Let y be (-20)/((-25)/(-5)) + (-2 - -7). What are the prime factors of ((-1)/y - -66) + (-46 - -43)?
2, 31
Let y be (-159)/9 - 2/(-3). Let v = y + 1. Let a = v - -39. List the prime factors of a.
23
Suppose -29802 = -4*n + 5*q, -235 + 225 = -5*q. List the prime factors of n.
29, 257
Let h be 16 + -2*(-3 + 4). Let v = h + -16. List the prime factors of (339/(-9))/(14/(-6) - v).
113
Suppose 5*i - 163*i = -22*i - 1581272. List the prime factors of i.
7, 11, 151
Let b be 2/4 + 29115/30. Let t = b + -562. List the prime factors of t.
409
Let w(u) = -u**3 - 12*u**2 + 11*u - 18. Let s be w(-13). Suppose -4*z - 43 = -163. Suppose z = s*b - 3*b. What are the prime factors of b?
2, 3
Suppose -s - c = -92, 14*s - 12*s + 3*c - 187 = 0. Suppose -4*w + 5*f = 45, -f - 3*f = 2*w - 10. Let n = w + s. List the prime factors of n.
2, 3, 7
Let f = 2962 - -11498. What are the prime factors of f?
2, 3, 5, 241
Suppose -91*a = -37*a - 48*a - 198. What are the prime factors of a?
3, 11
Let i(c) = -c**3 + 0*c**2 + 0*c**2 + 0*c**2 + c**2 + 7*c. Let h be i(-6). Suppose 0 = -13*g + h + 453. What are the prime factors of g?
3, 17
What are the prime factors of -1*(2 - 31311/3)/((-24)/(-24))?
5, 2087
Let r(s) = 26*s**2 - 49*s + 2170. List the prime factors of r(29).
5, 4523
Suppose -2*k + 27 = -3*y, 2*y + 2*y = -3*k - 2. Suppose 10*r = 7*r + k. Suppose 480 = -r*i + 6*i. List the prime factors of i.
2, 3, 5
Let v be (0/1 + (-2)/2)*-617. Let h = 878 - v. Suppose -h = -3*k - 0*k. What are the prime factors of k?
3, 29
Let w(d) = d**3 + 6*d**2 - 2*d + 22. Let g be w(-5). List the prime factors of (-1092)/(-9)*g/38.
2, 7, 13
Let g = 6126 + -1973. List the prime factors of g.
4153
Let a(d) = 43 + 15*d + 16*d - 3*d**2 - 32*d + 3*d**2 + 8*d**2. List the prime factors of a(12).
7, 13
Let b = -576 + 579. Let w(j) = 155*j**2 - 6*j - 11. List the prime factors of w(b).
2, 683
Let y = 20 + -56. Suppose -39*h = -41*h + 376. Let a = h + y. List the prime factors of a.
2, 19
Suppose -13284999 = 349*m - 622*m. List the prime factors of m.
3, 5407
Let v be (12/(-10))/((-58)/(-4205)). Let h(y) = 18*y**3 - y + 1. Let i be h(2). Let f = i + v. What are the prime factors of f?
2, 7
Suppose 816*k + 211893 = 410*k + 417*k. What are the prime factors of k?
3, 6421
Suppose 0 = 39*u - 296786 - 454510. List the prime factors of u.
2, 7, 43
Let b be ((2 - -4)/6)/((-1)/7). Let z(q) = 26*q**2 - 11*q - 1. Let m be z(b). Suppose -o = 8*o - m. What are the prime factors of o?
2, 3, 5
Suppose 2126 + 1882 = -6*c. Let f = c - -1019. List the prime factors of f.
3, 13
Suppose 0 = -3*x - 13 + 49. Suppose -2*n = 2*a - 774, 4*n - x - 1537 = -5*a. List the prime factors of n.
2, 193
Let z = -55 + 73. Let s be (z/24)/((-1)/(-120)). Let d = s + -27. List the prime factors of d.
3, 7
Suppose n + 127991 = 5*p, 3*p = -192*n + 191*n + 76801. List the prime factors of p.
3, 7, 23, 53
Suppose -47*y - 30794 = -225*y. What are the prime factors of y?
173
Suppose -r - 7 = v, -4*r - 37 + 11 = 2*v. List the prime factors of (-6 - 36/(-4))*(-938)/r.
7, 67
Let r(c) = c**3 + 7*c**2 - 2*c + 7. Let a be r(-7). Let t be a/7*(-6)/1. List the prime factors of 976/18 - (-4)/t.
2, 3
What are the prime factors of (-4 + (-76821)/(-9))/(40/48)?
2, 5119
Let j(z) = -z**3 + 6*z**2 + z - 6. Let l be j(6). Let s = 9547 - 9543. Suppose l = -s*m + 15 + 21. List the prime factors of m.
3
Suppose 0 = 5*t - 5*i + 7*i - 59842, t - 11973 = -5*i. What are the prime factors of t?
2, 11, 17
What are the prime factors of (-16)/56*-49 - -7774?
2, 3, 11, 59
What are the prime factors of (5 + -63)*2*13/(-2)?
2, 13, 29
Let r(p) = 3*p**2 - 131*p - 420. List the prime factors of r(66).
2, 3, 23, 29
Suppose -12*z = -672 - 504. Let g be (-4)/2 + z - (4 + -6). Suppose -g = -3*d + 52. List the prime factors of d.
2, 5
Suppose -29*o - 14213 + 327036 = 0. What are the prime factors of o?
7, 23, 67
Let x = 105 + 59. List the prime factors of x - (-5 + 6) - -2.
3, 5, 11
Let d(l) = -4*l**3 + 3*l**2 - 187*l - 14. What are the prime factors of d(-24)?
2, 97, 317
Let k = 683 - -4968. List the prime factors of k.
5651
Let u(d) = -758*d + 14. Let a = 108 - 110. Let t be u(a). Suppose 4*v = 14*v - t. List the prime factors of v.
3, 17
Let k(j) = 441*j**2 - 121*j + 561. What are the prime factors of k(5)?
79, 139
List the prime factors of 327516/126 - (-9)/(81/(-12)).
2, 3, 433
Let d(v) = -47*v**3 + 72*v**2 + 561*v + 13. What are the prime factors of d(-7)?
3, 5, 1049
Suppose -5*u = -5*m + 255, -u = -4*m - 3*u + 198. Let c = m + -8. Suppose -3*b + 6 = -c. What are the prime factors o